{"id":339,"date":"2022-10-06T10:45:50","date_gmt":"2022-10-06T08:45:50","guid":{"rendered":"https:\/\/fruzsinakun.com\/?page_id=339"},"modified":"2026-04-29T13:43:50","modified_gmt":"2026-04-29T11:43:50","slug":"bio","status":"publish","type":"page","link":"https:\/\/stagin-gtpages.com\/zpeter02\/bio\/","title":{"rendered":"BIO"},"content":{"rendered":"<p>B\u00e1r mindig is \u00f6r\u00f6met \u00e9s nyugalmat szerzett nekem k\u00e9sz\u00edteni, l\u00e9trehozni valamit,<br \/>\nhat\u00e1rozatlans\u00e1gom miatt mindez nem teljesedhetett ki \u00e9letem els\u0151 h\u00fasz \u00e9v\u00e9ben. K\u00e9s\u0151bb, egy betegs\u00e9g idej\u00e9n, az alkot\u00e1s a t\u00fal\u00e9l\u00e9s eszk\u00f6z\u00e9v\u00e9 v\u00e1lt. A k\u00e9pi munka kezdetben ter\u00e1pi\u00e1s eszk\u00f6zk\u00e9nt m\u0171k\u00f6d\u00f6tt, k\u00e9s\u0151bb \u00f6n\u00e1ll\u00f3, tudatosan v\u00e1llalt m\u0171v\u00e9szeti \u00fatt\u00e1 v\u00e1lt.<\/p>\n<p>Alternat\u00edv m\u0171v\u00e9szk\u00e9nt, int\u00e9zm\u00e9nyes diploma n\u00e9lk\u00fcl, de szakmai mentor\u00e1l\u00e1s mellett \u00e9s a<br \/>\nprofesszionalizmus ig\u00e9ny\u00e9vel alak\u00edtottam ki saj\u00e1t formanyelvemet. Fest\u00e9szetemben<br \/>\nontol\u00f3giai k\u00e9rd\u00e9seket vizsg\u00e1lok, amelyek a m\u0171alkot\u00e1s \u00e9s az emberi val\u00f3s\u00e1g<br \/>\nalapstrukt\u00far\u00e1ira ir\u00e1nyulnak.<\/p>\n<p>Feladatomnak a bels\u0151 \u00e9s k\u00fcls\u0151 vil\u00e1g rezg\u00e9seinek detekt\u00e1l\u00e1s\u00e1t, vizu\u00e1lis r\u00f6gz\u00edt\u00e9s\u00e9t \u00e9s<br \/>\ntanulm\u00e1nyoz\u00e1s\u00e1t tekintem. A gesztusfest\u00e9szet, az aszemikus \u00edr\u00e1s \u00e9s a gyermeki firk\u00e1k<br \/>\neszk\u00f6zt\u00e1ra lehet\u0151s\u00e9get ad arra, hogy a jelent\u00e9sk\u00e9pz\u00e9s el\u0151tti \u00e1llapotban dolgozzak. Az<br \/>\nalkot\u00e1s folyamat\u00e1ban nem ir\u00e1ny\u00edtani, hanem \u00e9rz\u00e9kelni t\u00f6rekszem, tulajdonk\u00e9ppen olyan<br \/>\nvagyok mint egy organikus szeizmogr\u00e1f.<\/p>\n<p>Alkot\u00f3i gyakorlatom fontos r\u00e9sze az \u00fajrahasznos\u00edt\u00e1s \u00e9s az anyagk\u00eds\u00e9rlet. T\u00f6bb munk\u00e1m<br \/>\npap\u00edrhullad\u00e9k felhaszn\u00e1l\u00e1s\u00e1val, saj\u00e1tkez\u0171leg mer\u00edtett pap\u00edrra k\u00e9sz\u00fclt. Haszn\u00e1lok<br \/>\nrehidrat\u00e1lt filctoll-tint\u00e1t, rozsd\u00e1t pigmentk\u00e9nt, \u00e9s m\u00e1s anyagokat is. N\u00e1lam az anyag nempuszt\u00e1n m\u00e9dium, hanem jelent\u00e9shordoz\u00f3 t\u00e9nyez\u0151: a fizikai \u00e1talakul\u00e1s a k\u00e9pi vizsg\u00e1latr\u00e9sz\u00e9t k\u00e9pezi.<\/p>\n<p>Munk\u00e1im t\u00f6bbs\u00e9ge akril fest\u00e9kkel k\u00e9sz\u00fcl, pap\u00edr vagy v\u00e1szon hordoz\u00f3ra de megjelenik az<br \/>\nalkalmazott technik\u00e1im k\u00f6z\u00f6tt a tus, az akvarell, a pasztel, a ceruza, a filctoll \u00e9s vegyes<br \/>\ntechnika is. A festm\u00e9nyek mellett m\u0171v\u00e9szk\u00f6nyvek k\u00e9sz\u00edt\u00e9s\u00e9vel foglalkozok. A<br \/>\nk\u00f6zelj\u00f6v\u0151ben szeretn\u00e9m kiterjeszteni munk\u00e1ss\u00e1gomat install\u00e1ci\u00f3k \u00e9s performanszok<br \/>\nl\u00e9trehoz\u00e1s\u00e1val.<\/p>\n","protected":false},"excerpt":{"rendered":"<p>B\u00e1r mindig is \u00f6r\u00f6met \u00e9s nyugalmat szerzett nekem k\u00e9sz\u00edteni, l\u00e9trehozni valamit, hat\u00e1rozatlans\u00e1gom miatt mindez nem teljesedhetett ki \u00e9letem els\u0151 h\u00fasz \u00e9v\u00e9ben. K\u00e9s\u0151bb, egy betegs\u00e9g idej\u00e9n, az alkot\u00e1s a t\u00fal\u00e9l\u00e9s eszk\u00f6z\u00e9v\u00e9 v\u00e1lt. A k\u00e9pi munka kezdetben ter\u00e1pi\u00e1s eszk\u00f6zk\u00e9nt m\u0171k\u00f6d\u00f6tt, k\u00e9s\u0151bb \u00f6n\u00e1ll\u00f3, tudatosan v\u00e1llalt m\u0171v\u00e9szeti \u00fatt\u00e1 v\u00e1lt. Alternat\u00edv m\u0171v\u00e9szk\u00e9nt, int\u00e9zm\u00e9nyes diploma n\u00e9lk\u00fcl, de szakmai mentor\u00e1l\u00e1s mellett \u00e9s [&hellip;]<\/p>\n","protected":false},"author":3,"featured_media":513,"parent":0,"menu_order":0,"comment_status":"closed","ping_status":"closed","template":"template-about.php","meta":{"inline_featured_image":false,"footnotes":""},"class_list":["post-339","page","type-page","status-publish","has-post-thumbnail","hentry"],"acf":[],"yoast_head":"<!-- This site is optimized with the Yoast SEO plugin v27.5 - https:\/\/yoast.com\/product\/yoast-seo-wordpress\/ -->\n<title>BIO - zpeter02<\/title>\n<meta name=\"robots\" content=\"index, follow, max-snippet:-1, max-image-preview:large, max-video-preview:-1\" \/>\n<link rel=\"canonical\" href=\"https:\/\/stagin-gtpages.com\/zpeter02\/bio\/\" \/>\n<meta property=\"og:locale\" content=\"hu_HU\" \/>\n<meta property=\"og:type\" content=\"article\" \/>\n<meta property=\"og:title\" content=\"BIO - zpeter02\" \/>\n<meta property=\"og:description\" content=\"B\u00e1r mindig is \u00f6r\u00f6met \u00e9s nyugalmat szerzett nekem k\u00e9sz\u00edteni, l\u00e9trehozni valamit, hat\u00e1rozatlans\u00e1gom miatt mindez nem teljesedhetett ki \u00e9letem els\u0151 h\u00fasz \u00e9v\u00e9ben. K\u00e9s\u0151bb, egy betegs\u00e9g idej\u00e9n, az alkot\u00e1s a t\u00fal\u00e9l\u00e9s eszk\u00f6z\u00e9v\u00e9 v\u00e1lt. A k\u00e9pi munka kezdetben ter\u00e1pi\u00e1s eszk\u00f6zk\u00e9nt m\u0171k\u00f6d\u00f6tt, k\u00e9s\u0151bb \u00f6n\u00e1ll\u00f3, tudatosan v\u00e1llalt m\u0171v\u00e9szeti \u00fatt\u00e1 v\u00e1lt. Alternat\u00edv m\u0171v\u00e9szk\u00e9nt, int\u00e9zm\u00e9nyes diploma n\u00e9lk\u00fcl, de szakmai mentor\u00e1l\u00e1s mellett \u00e9s [&hellip;]\" \/>\n<meta property=\"og:url\" content=\"https:\/\/stagin-gtpages.com\/zpeter02\/bio\/\" \/>\n<meta property=\"og:site_name\" content=\"zpeter02\" \/>\n<meta property=\"article:modified_time\" content=\"2026-04-29T11:43:50+00:00\" \/>\n<meta property=\"og:image\" content=\"https:\/\/stagin-gtpages.com\/zpeter02\/wp-content\/uploads\/2026\/04\/bio-1.jpg\" \/>\n\t<meta property=\"og:image:width\" content=\"600\" \/>\n\t<meta property=\"og:image:height\" content=\"606\" \/>\n\t<meta property=\"og:image:type\" content=\"image\/jpeg\" \/>\n<meta name=\"twitter:card\" content=\"summary_large_image\" \/>\n<meta name=\"twitter:label1\" content=\"Becs\u00fclt olvas\u00e1si id\u0151\" \/>\n\t<meta name=\"twitter:data1\" content=\"2 perc\" \/>\n<script type=\"application\/ld+json\" class=\"yoast-schema-graph\">{\"@context\":\"https:\\\/\\\/schema.org\",\"@graph\":[{\"@type\":\"WebPage\",\"@id\":\"https:\\\/\\\/stagin-gtpages.com\\\/zpeter02\\\/bio\\\/\",\"url\":\"https:\\\/\\\/stagin-gtpages.com\\\/zpeter02\\\/bio\\\/\",\"name\":\"BIO - zpeter02\",\"isPartOf\":{\"@id\":\"https:\\\/\\\/stagin-gtpages.com\\\/zpeter02\\\/#website\"},\"primaryImageOfPage\":{\"@id\":\"https:\\\/\\\/stagin-gtpages.com\\\/zpeter02\\\/bio\\\/#primaryimage\"},\"image\":{\"@id\":\"https:\\\/\\\/stagin-gtpages.com\\\/zpeter02\\\/bio\\\/#primaryimage\"},\"thumbnailUrl\":\"https:\\\/\\\/stagin-gtpages.com\\\/zpeter02\\\/wp-content\\\/uploads\\\/2026\\\/04\\\/bio-1.jpg\",\"datePublished\":\"2022-10-06T08:45:50+00:00\",\"dateModified\":\"2026-04-29T11:43:50+00:00\",\"breadcrumb\":{\"@id\":\"https:\\\/\\\/stagin-gtpages.com\\\/zpeter02\\\/bio\\\/#breadcrumb\"},\"inLanguage\":\"hu\",\"potentialAction\":[{\"@type\":\"ReadAction\",\"target\":[\"https:\\\/\\\/stagin-gtpages.com\\\/zpeter02\\\/bio\\\/\"]}]},{\"@type\":\"ImageObject\",\"inLanguage\":\"hu\",\"@id\":\"https:\\\/\\\/stagin-gtpages.com\\\/zpeter02\\\/bio\\\/#primaryimage\",\"url\":\"https:\\\/\\\/stagin-gtpages.com\\\/zpeter02\\\/wp-content\\\/uploads\\\/2026\\\/04\\\/bio-1.jpg\",\"contentUrl\":\"https:\\\/\\\/stagin-gtpages.com\\\/zpeter02\\\/wp-content\\\/uploads\\\/2026\\\/04\\\/bio-1.jpg\",\"width\":600,\"height\":606},{\"@type\":\"BreadcrumbList\",\"@id\":\"https:\\\/\\\/stagin-gtpages.com\\\/zpeter02\\\/bio\\\/#breadcrumb\",\"itemListElement\":[{\"@type\":\"ListItem\",\"position\":1,\"name\":\"Home\",\"item\":\"https:\\\/\\\/stagin-gtpages.com\\\/zpeter02\\\/\"},{\"@type\":\"ListItem\",\"position\":2,\"name\":\"BIO\"}]},{\"@type\":\"WebSite\",\"@id\":\"https:\\\/\\\/stagin-gtpages.com\\\/zpeter02\\\/#website\",\"url\":\"https:\\\/\\\/stagin-gtpages.com\\\/zpeter02\\\/\",\"name\":\"zpeter02\",\"description\":\"Blog\",\"potentialAction\":[{\"@type\":\"SearchAction\",\"target\":{\"@type\":\"EntryPoint\",\"urlTemplate\":\"https:\\\/\\\/stagin-gtpages.com\\\/zpeter02\\\/?s={search_term_string}\"},\"query-input\":{\"@type\":\"PropertyValueSpecification\",\"valueRequired\":true,\"valueName\":\"search_term_string\"}}],\"inLanguage\":\"hu\"}]}<\/script>\n<!-- \/ Yoast SEO plugin. -->","yoast_head_json":{"title":"BIO - zpeter02","robots":{"index":"index","follow":"follow","max-snippet":"max-snippet:-1","max-image-preview":"max-image-preview:large","max-video-preview":"max-video-preview:-1"},"canonical":"https:\/\/stagin-gtpages.com\/zpeter02\/bio\/","og_locale":"hu_HU","og_type":"article","og_title":"BIO - zpeter02","og_description":"B\u00e1r mindig is \u00f6r\u00f6met \u00e9s nyugalmat szerzett nekem k\u00e9sz\u00edteni, l\u00e9trehozni valamit, hat\u00e1rozatlans\u00e1gom miatt mindez nem teljesedhetett ki \u00e9letem els\u0151 h\u00fasz \u00e9v\u00e9ben. K\u00e9s\u0151bb, egy betegs\u00e9g idej\u00e9n, az alkot\u00e1s a t\u00fal\u00e9l\u00e9s eszk\u00f6z\u00e9v\u00e9 v\u00e1lt. A k\u00e9pi munka kezdetben ter\u00e1pi\u00e1s eszk\u00f6zk\u00e9nt m\u0171k\u00f6d\u00f6tt, k\u00e9s\u0151bb \u00f6n\u00e1ll\u00f3, tudatosan v\u00e1llalt m\u0171v\u00e9szeti \u00fatt\u00e1 v\u00e1lt. Alternat\u00edv m\u0171v\u00e9szk\u00e9nt, int\u00e9zm\u00e9nyes diploma n\u00e9lk\u00fcl, de szakmai mentor\u00e1l\u00e1s mellett \u00e9s [&hellip;]","og_url":"https:\/\/stagin-gtpages.com\/zpeter02\/bio\/","og_site_name":"zpeter02","article_modified_time":"2026-04-29T11:43:50+00:00","og_image":[{"width":600,"height":606,"url":"https:\/\/stagin-gtpages.com\/zpeter02\/wp-content\/uploads\/2026\/04\/bio-1.jpg","type":"image\/jpeg"}],"twitter_card":"summary_large_image","twitter_misc":{"Becs\u00fclt olvas\u00e1si id\u0151":"2 perc"},"schema":{"@context":"https:\/\/schema.org","@graph":[{"@type":"WebPage","@id":"https:\/\/stagin-gtpages.com\/zpeter02\/bio\/","url":"https:\/\/stagin-gtpages.com\/zpeter02\/bio\/","name":"BIO - zpeter02","isPartOf":{"@id":"https:\/\/stagin-gtpages.com\/zpeter02\/#website"},"primaryImageOfPage":{"@id":"https:\/\/stagin-gtpages.com\/zpeter02\/bio\/#primaryimage"},"image":{"@id":"https:\/\/stagin-gtpages.com\/zpeter02\/bio\/#primaryimage"},"thumbnailUrl":"https:\/\/stagin-gtpages.com\/zpeter02\/wp-content\/uploads\/2026\/04\/bio-1.jpg","datePublished":"2022-10-06T08:45:50+00:00","dateModified":"2026-04-29T11:43:50+00:00","breadcrumb":{"@id":"https:\/\/stagin-gtpages.com\/zpeter02\/bio\/#breadcrumb"},"inLanguage":"hu","potentialAction":[{"@type":"ReadAction","target":["https:\/\/stagin-gtpages.com\/zpeter02\/bio\/"]}]},{"@type":"ImageObject","inLanguage":"hu","@id":"https:\/\/stagin-gtpages.com\/zpeter02\/bio\/#primaryimage","url":"https:\/\/stagin-gtpages.com\/zpeter02\/wp-content\/uploads\/2026\/04\/bio-1.jpg","contentUrl":"https:\/\/stagin-gtpages.com\/zpeter02\/wp-content\/uploads\/2026\/04\/bio-1.jpg","width":600,"height":606},{"@type":"BreadcrumbList","@id":"https:\/\/stagin-gtpages.com\/zpeter02\/bio\/#breadcrumb","itemListElement":[{"@type":"ListItem","position":1,"name":"Home","item":"https:\/\/stagin-gtpages.com\/zpeter02\/"},{"@type":"ListItem","position":2,"name":"BIO"}]},{"@type":"WebSite","@id":"https:\/\/stagin-gtpages.com\/zpeter02\/#website","url":"https:\/\/stagin-gtpages.com\/zpeter02\/","name":"zpeter02","description":"Blog","potentialAction":[{"@type":"SearchAction","target":{"@type":"EntryPoint","urlTemplate":"https:\/\/stagin-gtpages.com\/zpeter02\/?s={search_term_string}"},"query-input":{"@type":"PropertyValueSpecification","valueRequired":true,"valueName":"search_term_string"}}],"inLanguage":"hu"}]}},"_links":{"self":[{"href":"https:\/\/stagin-gtpages.com\/zpeter02\/wp-json\/wp\/v2\/pages\/339","targetHints":{"allow":["GET"]}}],"collection":[{"href":"https:\/\/stagin-gtpages.com\/zpeter02\/wp-json\/wp\/v2\/pages"}],"about":[{"href":"https:\/\/stagin-gtpages.com\/zpeter02\/wp-json\/wp\/v2\/types\/page"}],"author":[{"embeddable":true,"href":"https:\/\/stagin-gtpages.com\/zpeter02\/wp-json\/wp\/v2\/users\/3"}],"replies":[{"embeddable":true,"href":"https:\/\/stagin-gtpages.com\/zpeter02\/wp-json\/wp\/v2\/comments?post=339"}],"version-history":[{"count":12,"href":"https:\/\/stagin-gtpages.com\/zpeter02\/wp-json\/wp\/v2\/pages\/339\/revisions"}],"predecessor-version":[{"id":498,"href":"https:\/\/stagin-gtpages.com\/zpeter02\/wp-json\/wp\/v2\/pages\/339\/revisions\/498"}],"wp:featuredmedia":[{"embeddable":true,"href":"https:\/\/stagin-gtpages.com\/zpeter02\/wp-json\/wp\/v2\/media\/513"}],"wp:attachment":[{"href":"https:\/\/stagin-gtpages.com\/zpeter02\/wp-json\/wp\/v2\/media?parent=339"}],"curies":[{"name":"wp","href":"https:\/\/api.w.org\/{rel}","templated":true}]}}